{"id":146,"date":"2025-06-07T11:40:45","date_gmt":"2025-06-07T08:40:45","guid":{"rendered":"https:\/\/www.muitakinmaailmoja.fi\/?page_id=146"},"modified":"2025-06-07T11:40:46","modified_gmt":"2025-06-07T08:40:46","slug":"kuvat","status":"publish","type":"page","link":"http:\/\/www.muitakinmaailmoja.fi\/index.php\/kuvat\/","title":{"rendered":"Kuvat"},"content":{"rendered":"\n<p>T\u00e4lt\u00e4 sivulta l\u00f6yd\u00e4t linkit kirjoissa oleviin kuviin, joista puhumme podcastissa. Huomioi, ett\u00e4 linkkien takaa l\u00f6ytyy kaikki kirjassa olevat kuvat, joten \u00e4l\u00e4 vahingossa spoilaa itse\u00e4si \ud83d\ude42 <\/p>\n\n\n\n<p><strong>Revolverimies<\/strong>:<\/p>\n\n\n\n<p><a href=\"https:\/\/stephenking.com\/darktower\/book\/the_dark_tower_i_the_gunslinger_(revised)_images.html\">The Dark Tower &#8211; The Dark Tower I: The Gunslinger (Revised)Artwork for The Dark Tower I: The Gunslinger (Revised)<\/a><\/p>\n\n\n\n<p><strong>Kolme korttia pakasta:<\/strong><\/p>\n\n\n\n<p><a href=\"https:\/\/stephenking.com\/darktower\/book\/the_dark_tower_ii_the_drawing_of_the_three_images.html\">The Dark Tower &#8211; The Dark Tower II: The Drawing of the ThreeArtwork for The Dark Tower II: The Drawing of the Three<\/a><\/p>\n\n\n\n<p><strong>Joutomaa:<\/strong><\/p>\n\n\n\n<p><a href=\"https:\/\/stephenking.com\/darktower\/book\/the_dark_tower_iii_the_waste_lands_images.html\">The Dark Tower &#8211; The Dark Tower III: The Waste LandsArtwork for The Dark Tower III: The Waste Lands<\/a><\/p>\n\n\n\n<p><strong>Velho:<\/strong><\/p>\n\n\n\n<p><a href=\"https:\/\/stephenking.com\/darktower\/book\/the_dark_tower_iv_wizard_and_glass.html\">The Dark Tower &#8211; The Dark Tower IV: Wizard and Glass<\/a><\/p>\n\n\n\n<p><strong>Callan sudet:<\/strong><\/p>\n\n\n\n<p><a href=\"https:\/\/stephenking.com\/darktower\/book\/the_dark_tower_v_wolves_of_the_calla_images.html\">The Dark Tower &#8211; The Dark Tower V: Wolves of the CallaArtwork for The Dark Tower V: Wolves of the Calla<\/a><\/p>\n\n\n\n<p><strong>Susannan laulu:<\/strong><\/p>\n\n\n\n<p><a href=\"https:\/\/stephenking.com\/darktower\/book\/the_dark_tower_vi_song_of_susannah_images.html\">The Dark Tower &#8211; The Dark Tower VI: Song of SusannahArtwork for The Dark Tower VI: Song of Susannah<\/a><\/p>\n\n\n\n<p><strong>Musta Torni:<\/strong><\/p>\n\n\n\n<p><a href=\"https:\/\/stephenking.com\/darktower\/book\/the_dark_tower_vii_the_dark_tower_images.html\">The Dark Tower &#8211; The Dark Tower VII: The Dark TowerArtwork for The Dark Tower VII: The Dark Tower<\/a><\/p>\n\n\n\n<p><\/p>\n","protected":false},"excerpt":{"rendered":"<p>T\u00e4lt\u00e4 sivulta l\u00f6yd\u00e4t linkit kirjoissa oleviin kuviin, joista puhumme podcastissa. Huomioi, ett\u00e4 linkkien takaa l\u00f6ytyy kaikki kirjassa olevat kuvat, joten \u00e4l\u00e4 vahingossa spoilaa itse\u00e4si \ud83d\ude42 Revolverimies: The Dark Tower &#8211; The Dark Tower I: The Gunslinger (Revised)Artwork for The Dark Tower I: The Gunslinger (Revised) Kolme korttia pakasta: The Dark Tower &#8211; The Dark Tower [&hellip;]<\/p>\n","protected":false},"author":1,"featured_media":0,"parent":0,"menu_order":0,"comment_status":"closed","ping_status":"closed","template":"","meta":{"episode_type":"","audio_file":"","podmotor_file_id":"","podmotor_episode_id":"","cover_image":"","cover_image_id":"","duration":"","filesize":"","filesize_raw":"","date_recorded":"","explicit":"","block":"","footnotes":""},"class_list":["post-146","page","type-page","status-publish","hentry"],"blocksy_meta":[],"jetpack_sharing_enabled":true,"_links":{"self":[{"href":"http:\/\/www.muitakinmaailmoja.fi\/index.php\/wp-json\/wp\/v2\/pages\/146","targetHints":{"allow":["GET"]}}],"collection":[{"href":"http:\/\/www.muitakinmaailmoja.fi\/index.php\/wp-json\/wp\/v2\/pages"}],"about":[{"href":"http:\/\/www.muitakinmaailmoja.fi\/index.php\/wp-json\/wp\/v2\/types\/page"}],"author":[{"embeddable":true,"href":"http:\/\/www.muitakinmaailmoja.fi\/index.php\/wp-json\/wp\/v2\/users\/1"}],"replies":[{"embeddable":true,"href":"http:\/\/www.muitakinmaailmoja.fi\/index.php\/wp-json\/wp\/v2\/comments?post=146"}],"version-history":[{"count":1,"href":"http:\/\/www.muitakinmaailmoja.fi\/index.php\/wp-json\/wp\/v2\/pages\/146\/revisions"}],"predecessor-version":[{"id":147,"href":"http:\/\/www.muitakinmaailmoja.fi\/index.php\/wp-json\/wp\/v2\/pages\/146\/revisions\/147"}],"wp:attachment":[{"href":"http:\/\/www.muitakinmaailmoja.fi\/index.php\/wp-json\/wp\/v2\/media?parent=146"}],"curies":[{"name":"wp","href":"https:\/\/api.w.org\/{rel}","templated":true}]}}