{"id":116,"date":"2025-05-02T17:02:29","date_gmt":"2025-05-02T14:02:29","guid":{"rendered":"http:\/\/www.muitakinmaailmoja.fi\/?page_id=116"},"modified":"2025-05-02T20:44:09","modified_gmt":"2025-05-02T17:44:09","slug":"juontajat","status":"publish","type":"page","link":"http:\/\/www.muitakinmaailmoja.fi\/index.php\/juontajat\/","title":{"rendered":"Juontajat"},"content":{"rendered":"\n<div class=\"wp-block-media-text is-stacked-on-mobile\"><figure class=\"wp-block-media-text__media\"><img loading=\"lazy\" decoding=\"async\" width=\"683\" height=\"1024\" src=\"http:\/\/www.muitakinmaailmoja.fi\/wp-content\/uploads\/2025\/05\/MM_Mari_Ippe_Ja_Turo-683x1024.jpg\" alt=\"Juontaja Marin kuva. Kuvassa Mari istuu kirjahyllyn edess\u00e4 lukemassa Mustan Tornin ensimm\u00e4ist\u00e4 osaa Revolverimiest\u00e4. Pieni villakoira Turo istuu Marin syliss\u00e4 ja Isovillakoira Ippe vieress\u00e4. Kirjahylly on t\u00e4ynn\u00e4 Stephen Kingin kirjoja\" class=\"wp-image-94 size-full\" srcset=\"http:\/\/www.muitakinmaailmoja.fi\/wp-content\/uploads\/2025\/05\/MM_Mari_Ippe_Ja_Turo-683x1024.jpg 683w, http:\/\/www.muitakinmaailmoja.fi\/wp-content\/uploads\/2025\/05\/MM_Mari_Ippe_Ja_Turo-200x300.jpg 200w, http:\/\/www.muitakinmaailmoja.fi\/wp-content\/uploads\/2025\/05\/MM_Mari_Ippe_Ja_Turo-768x1152.jpg 768w, http:\/\/www.muitakinmaailmoja.fi\/wp-content\/uploads\/2025\/05\/MM_Mari_Ippe_Ja_Turo-1024x1536.jpg 1024w, http:\/\/www.muitakinmaailmoja.fi\/wp-content\/uploads\/2025\/05\/MM_Mari_Ippe_Ja_Turo-1365x2048.jpg 1365w, http:\/\/www.muitakinmaailmoja.fi\/wp-content\/uploads\/2025\/05\/MM_Mari_Ippe_Ja_Turo.jpg 1668w\" sizes=\"auto, (max-width: 683px) 100vw, 683px\" \/><\/figure><div class=\"wp-block-media-text__content\">\n<p><strong>Mari <\/strong>on t\u00e4m\u00e4n podcastin juontajista se, joka on ennest\u00e4\u00e4n Stephen Kingin uskollinen lukija, eli on lukenut kaikki Kingin kirjat, useat moneen kertaankin. Musta Torni -sarjan lukukertoja h\u00e4n ei edes osaa sanoa, niit\u00e4 on monta. Mari on aina pit\u00e4nyt lukemisesta ja teini-i\u00e4ss\u00e4 kun l\u00f6ysi Stephen Kingin, ei silt\u00e4 tiet\u00e4 ole ollut paluuta. Kauhu, fantasia ja scifi ovat erityisen l\u00e4hell\u00e4 h\u00e4nen syd\u00e4nt\u00e4\u00e4n. Lempikirjoja Kingin tuotannosta Mustan Tornin lis\u00e4ksi ovat Talismaani, Se, Tukikohta, Naisen raivo, Pitk\u00e4 marssi, listaa on tosin vaikeaa pit\u00e4\u00e4 lyhyen\u00e4. Muista kirjailijoista listan k\u00e4rkeen nousee J.R.R Tolkien, George R.R. Martin, Diana Gabaldon, Charlaine Harris, Jim Butcher ja Sarah Lyons Fleming.<\/p>\n\n\n\n<p>Marin kotona asustelevat my\u00f6s Pienivillakoira Turo ja Isovillakoira Ippe, jotka v\u00e4lill\u00e4 &#8221;auttavat&#8221; podcastin tekemisess\u00e4. Ovat my\u00f6s hyvi\u00e4 seuralaisia muissa p\u00e4iv\u00e4n jutuissa, kuten lukemisessa, niin kuin kuvasta n\u00e4kyy.<\/p>\n<\/div><\/div>\n\n\n\n<div class=\"wp-block-media-text is-stacked-on-mobile\"><figure class=\"wp-block-media-text__media\"><img loading=\"lazy\" decoding=\"async\" width=\"683\" height=\"1024\" src=\"http:\/\/www.muitakinmaailmoja.fi\/wp-content\/uploads\/2025\/05\/MM_Anne-683x1024.jpg\" alt=\"Annen kuva tuo mieleen kauhuelokuvan kohtauksen. Anne istuu tuolilla karussa, r\u00e4nstisyneess\u00e4 rakennuksessa vilkuillen taakseen.\" class=\"wp-image-96 size-full\" srcset=\"http:\/\/www.muitakinmaailmoja.fi\/wp-content\/uploads\/2025\/05\/MM_Anne-683x1024.jpg 683w, http:\/\/www.muitakinmaailmoja.fi\/wp-content\/uploads\/2025\/05\/MM_Anne-200x300.jpg 200w, http:\/\/www.muitakinmaailmoja.fi\/wp-content\/uploads\/2025\/05\/MM_Anne-768x1152.jpg 768w, http:\/\/www.muitakinmaailmoja.fi\/wp-content\/uploads\/2025\/05\/MM_Anne-1024x1536.jpg 1024w, http:\/\/www.muitakinmaailmoja.fi\/wp-content\/uploads\/2025\/05\/MM_Anne.jpg 1080w\" sizes=\"auto, (max-width: 683px) 100vw, 683px\" \/><\/figure><div class=\"wp-block-media-text__content\">\n<p><strong>Anne <\/strong>on ensimm\u00e4ist\u00e4 kertaa matkalla Mustalle Tornille. Anne on my\u00f6s ollut aina kova lukemaan, mutta Stephen Kingin kirjoista lienee Tukikohta on ainoa, jonka Anne on lukenut. T\u00e4m\u00e4 tekeekin h\u00e4nest\u00e4 erinomaisen kumppanin Marille t\u00e4h\u00e4n podcastiin. Kingin tarinoihin Anne on tutustunut enemm\u00e4n elokuvien kautta (Musta Torni -elokuvaa ei ole kuitenkaan katsonut). Alkuper\u00e4inen Tukikohta -minisarja on juurikin se, mik\u00e4 Annen on vet\u00e4nyt Kingin maailmaan. Muita lemppareita ovat Vihre\u00e4 maili, Hohto ja Usva.<\/p>\n\n\n\n<p>Anne on lukenut paljon mm. Torey Haydenia ja Thomas Harrisia. H\u00e4n tykk\u00e4\u00e4 monista eri tyylilajeista, mutta ehk\u00e4 l\u00e4hinn\u00e4 syd\u00e4nt\u00e4 ovat fantasia, kauhu ja komedia.<\/p>\n\n\n\n<p>T\u00e4m\u00e4n upean kuvan Annesta on ottanut <a href=\"https:\/\/www.magicmoon.fi\/\" data-type=\"link\" data-id=\"https:\/\/www.magicmoon.fi\/\">Kristiina Jaakola<\/a><\/p>\n<\/div><\/div>\n\n\n\n<p><\/p>\n","protected":false},"excerpt":{"rendered":"<p>Mari on t\u00e4m\u00e4n podcastin juontajista se, joka on ennest\u00e4\u00e4n Stephen Kingin uskollinen lukija, eli on lukenut kaikki Kingin kirjat, useat moneen kertaankin. Musta Torni -sarjan lukukertoja h\u00e4n ei edes osaa sanoa, niit\u00e4 on monta. Mari on aina pit\u00e4nyt lukemisesta ja teini-i\u00e4ss\u00e4 kun l\u00f6ysi Stephen Kingin, ei silt\u00e4 tiet\u00e4 ole ollut paluuta. Kauhu, fantasia ja scifi [&hellip;]<\/p>\n","protected":false},"author":1,"featured_media":12,"parent":0,"menu_order":0,"comment_status":"closed","ping_status":"closed","template":"","meta":{"episode_type":"","audio_file":"","podmotor_file_id":"","podmotor_episode_id":"","cover_image":"","cover_image_id":"","duration":"","filesize":"","filesize_raw":"","date_recorded":"","explicit":"","block":"","footnotes":""},"class_list":["post-116","page","type-page","status-publish","has-post-thumbnail","hentry"],"blocksy_meta":[],"jetpack_sharing_enabled":true,"_links":{"self":[{"href":"http:\/\/www.muitakinmaailmoja.fi\/index.php\/wp-json\/wp\/v2\/pages\/116","targetHints":{"allow":["GET"]}}],"collection":[{"href":"http:\/\/www.muitakinmaailmoja.fi\/index.php\/wp-json\/wp\/v2\/pages"}],"about":[{"href":"http:\/\/www.muitakinmaailmoja.fi\/index.php\/wp-json\/wp\/v2\/types\/page"}],"author":[{"embeddable":true,"href":"http:\/\/www.muitakinmaailmoja.fi\/index.php\/wp-json\/wp\/v2\/users\/1"}],"replies":[{"embeddable":true,"href":"http:\/\/www.muitakinmaailmoja.fi\/index.php\/wp-json\/wp\/v2\/comments?post=116"}],"version-history":[{"count":3,"href":"http:\/\/www.muitakinmaailmoja.fi\/index.php\/wp-json\/wp\/v2\/pages\/116\/revisions"}],"predecessor-version":[{"id":136,"href":"http:\/\/www.muitakinmaailmoja.fi\/index.php\/wp-json\/wp\/v2\/pages\/116\/revisions\/136"}],"wp:featuredmedia":[{"embeddable":true,"href":"http:\/\/www.muitakinmaailmoja.fi\/index.php\/wp-json\/wp\/v2\/media\/12"}],"wp:attachment":[{"href":"http:\/\/www.muitakinmaailmoja.fi\/index.php\/wp-json\/wp\/v2\/media?parent=116"}],"curies":[{"name":"wp","href":"https:\/\/api.w.org\/{rel}","templated":true}]}}